{"id":4150,"date":"2024-11-22T02:58:14","date_gmt":"2024-11-22T02:58:14","guid":{"rendered":"https:\/\/imagen-medica.com\/?page_id=4150"},"modified":"2024-11-22T02:58:15","modified_gmt":"2024-11-22T02:58:15","slug":"fotos-boda-16-nov-24","status":"publish","type":"page","link":"https:\/\/imagen-medica.com\/index.php\/fotos-boda-16-nov-24\/","title":{"rendered":"Fotos Boda 16 nov 24"},"content":{"rendered":"","protected":false},"excerpt":{"rendered":"","protected":false},"author":1,"featured_media":0,"parent":0,"menu_order":0,"comment_status":"closed","ping_status":"closed","template":"","meta":{"inline_featured_image":false,"footnotes":""},"class_list":["post-4150","page","type-page","status-publish","hentry"],"yoast_head":"<!-- This site is optimized with the Yoast SEO plugin v23.1 - https:\/\/yoast.com\/wordpress\/plugins\/seo\/ -->\n<title>Fotos Boda 16 nov 24 - Imagen M\u00e9dica MX<\/title>\n<meta name=\"robots\" content=\"index, follow, max-snippet:-1, max-image-preview:large, max-video-preview:-1\" \/>\n<link rel=\"canonical\" href=\"https:\/\/imagen-medica.com\/index.php\/fotos-boda-16-nov-24\/\" \/>\n<meta property=\"og:locale\" content=\"es_ES\" \/>\n<meta property=\"og:type\" content=\"article\" \/>\n<meta property=\"og:title\" content=\"Fotos Boda 16 nov 24 - Imagen M\u00e9dica MX\" \/>\n<meta property=\"og:url\" content=\"https:\/\/imagen-medica.com\/index.php\/fotos-boda-16-nov-24\/\" \/>\n<meta property=\"og:site_name\" content=\"Imagen M\u00e9dica MX\" \/>\n<meta property=\"article:modified_time\" content=\"2024-11-22T02:58:15+00:00\" \/>\n<meta name=\"twitter:card\" content=\"summary_large_image\" \/>\n<script type=\"application\/ld+json\" class=\"yoast-schema-graph\">{\"@context\":\"https:\/\/schema.org\",\"@graph\":[{\"@type\":\"WebPage\",\"@id\":\"https:\/\/imagen-medica.com\/index.php\/fotos-boda-16-nov-24\/\",\"url\":\"https:\/\/imagen-medica.com\/index.php\/fotos-boda-16-nov-24\/\",\"name\":\"Fotos Boda 16 nov 24 - Imagen M\u00e9dica MX\",\"isPartOf\":{\"@id\":\"https:\/\/imagen-medica.com\/#website\"},\"datePublished\":\"2024-11-22T02:58:14+00:00\",\"dateModified\":\"2024-11-22T02:58:15+00:00\",\"breadcrumb\":{\"@id\":\"https:\/\/imagen-medica.com\/index.php\/fotos-boda-16-nov-24\/#breadcrumb\"},\"inLanguage\":\"es\",\"potentialAction\":[{\"@type\":\"ReadAction\",\"target\":[\"https:\/\/imagen-medica.com\/index.php\/fotos-boda-16-nov-24\/\"]}]},{\"@type\":\"BreadcrumbList\",\"@id\":\"https:\/\/imagen-medica.com\/index.php\/fotos-boda-16-nov-24\/#breadcrumb\",\"itemListElement\":[{\"@type\":\"ListItem\",\"position\":1,\"name\":\"Portada\",\"item\":\"https:\/\/imagen-medica.com\/\"},{\"@type\":\"ListItem\",\"position\":2,\"name\":\"Fotos Boda 16 nov 24\"}]},{\"@type\":\"WebSite\",\"@id\":\"https:\/\/imagen-medica.com\/#website\",\"url\":\"https:\/\/imagen-medica.com\/\",\"name\":\"Imagen M\u00e9dica MX\",\"description\":\"Im\u00e1gen M\u00e9dica M\u00e9xico\",\"publisher\":{\"@id\":\"https:\/\/imagen-medica.com\/#organization\"},\"potentialAction\":[{\"@type\":\"SearchAction\",\"target\":{\"@type\":\"EntryPoint\",\"urlTemplate\":\"https:\/\/imagen-medica.com\/?s={search_term_string}\"},\"query-input\":\"required name=search_term_string\"}],\"inLanguage\":\"es\"},{\"@type\":\"Organization\",\"@id\":\"https:\/\/imagen-medica.com\/#organization\",\"name\":\"Imagen M\u00e9dica MX\",\"url\":\"https:\/\/imagen-medica.com\/\",\"logo\":{\"@type\":\"ImageObject\",\"inLanguage\":\"es\",\"@id\":\"https:\/\/imagen-medica.com\/#\/schema\/logo\/image\/\",\"url\":\"https:\/\/imagen-medica.com\/wp-content\/uploads\/2023\/02\/Logo-Imagen-Medica-texto-completo-02.png\",\"contentUrl\":\"https:\/\/imagen-medica.com\/wp-content\/uploads\/2023\/02\/Logo-Imagen-Medica-texto-completo-02.png\",\"width\":1418,\"height\":567,\"caption\":\"Imagen M\u00e9dica MX\"},\"image\":{\"@id\":\"https:\/\/imagen-medica.com\/#\/schema\/logo\/image\/\"}}]}<\/script>\n<!-- \/ Yoast SEO plugin. -->","yoast_head_json":{"title":"Fotos Boda 16 nov 24 - Imagen M\u00e9dica MX","robots":{"index":"index","follow":"follow","max-snippet":"max-snippet:-1","max-image-preview":"max-image-preview:large","max-video-preview":"max-video-preview:-1"},"canonical":"https:\/\/imagen-medica.com\/index.php\/fotos-boda-16-nov-24\/","og_locale":"es_ES","og_type":"article","og_title":"Fotos Boda 16 nov 24 - Imagen M\u00e9dica MX","og_url":"https:\/\/imagen-medica.com\/index.php\/fotos-boda-16-nov-24\/","og_site_name":"Imagen M\u00e9dica MX","article_modified_time":"2024-11-22T02:58:15+00:00","twitter_card":"summary_large_image","schema":{"@context":"https:\/\/schema.org","@graph":[{"@type":"WebPage","@id":"https:\/\/imagen-medica.com\/index.php\/fotos-boda-16-nov-24\/","url":"https:\/\/imagen-medica.com\/index.php\/fotos-boda-16-nov-24\/","name":"Fotos Boda 16 nov 24 - Imagen M\u00e9dica MX","isPartOf":{"@id":"https:\/\/imagen-medica.com\/#website"},"datePublished":"2024-11-22T02:58:14+00:00","dateModified":"2024-11-22T02:58:15+00:00","breadcrumb":{"@id":"https:\/\/imagen-medica.com\/index.php\/fotos-boda-16-nov-24\/#breadcrumb"},"inLanguage":"es","potentialAction":[{"@type":"ReadAction","target":["https:\/\/imagen-medica.com\/index.php\/fotos-boda-16-nov-24\/"]}]},{"@type":"BreadcrumbList","@id":"https:\/\/imagen-medica.com\/index.php\/fotos-boda-16-nov-24\/#breadcrumb","itemListElement":[{"@type":"ListItem","position":1,"name":"Portada","item":"https:\/\/imagen-medica.com\/"},{"@type":"ListItem","position":2,"name":"Fotos Boda 16 nov 24"}]},{"@type":"WebSite","@id":"https:\/\/imagen-medica.com\/#website","url":"https:\/\/imagen-medica.com\/","name":"Imagen M\u00e9dica MX","description":"Im\u00e1gen M\u00e9dica M\u00e9xico","publisher":{"@id":"https:\/\/imagen-medica.com\/#organization"},"potentialAction":[{"@type":"SearchAction","target":{"@type":"EntryPoint","urlTemplate":"https:\/\/imagen-medica.com\/?s={search_term_string}"},"query-input":"required name=search_term_string"}],"inLanguage":"es"},{"@type":"Organization","@id":"https:\/\/imagen-medica.com\/#organization","name":"Imagen M\u00e9dica MX","url":"https:\/\/imagen-medica.com\/","logo":{"@type":"ImageObject","inLanguage":"es","@id":"https:\/\/imagen-medica.com\/#\/schema\/logo\/image\/","url":"https:\/\/imagen-medica.com\/wp-content\/uploads\/2023\/02\/Logo-Imagen-Medica-texto-completo-02.png","contentUrl":"https:\/\/imagen-medica.com\/wp-content\/uploads\/2023\/02\/Logo-Imagen-Medica-texto-completo-02.png","width":1418,"height":567,"caption":"Imagen M\u00e9dica MX"},"image":{"@id":"https:\/\/imagen-medica.com\/#\/schema\/logo\/image\/"}}]}},"_links":{"self":[{"href":"https:\/\/imagen-medica.com\/index.php\/wp-json\/wp\/v2\/pages\/4150","targetHints":{"allow":["GET"]}}],"collection":[{"href":"https:\/\/imagen-medica.com\/index.php\/wp-json\/wp\/v2\/pages"}],"about":[{"href":"https:\/\/imagen-medica.com\/index.php\/wp-json\/wp\/v2\/types\/page"}],"author":[{"embeddable":true,"href":"https:\/\/imagen-medica.com\/index.php\/wp-json\/wp\/v2\/users\/1"}],"replies":[{"embeddable":true,"href":"https:\/\/imagen-medica.com\/index.php\/wp-json\/wp\/v2\/comments?post=4150"}],"version-history":[{"count":1,"href":"https:\/\/imagen-medica.com\/index.php\/wp-json\/wp\/v2\/pages\/4150\/revisions"}],"predecessor-version":[{"id":4151,"href":"https:\/\/imagen-medica.com\/index.php\/wp-json\/wp\/v2\/pages\/4150\/revisions\/4151"}],"wp:attachment":[{"href":"https:\/\/imagen-medica.com\/index.php\/wp-json\/wp\/v2\/media?parent=4150"}],"curies":[{"name":"wp","href":"https:\/\/api.w.org\/{rel}","templated":true}]}}